 14 + l. Calculate the remainder when 50 is divided by z.
16
Let f be 0 - 0 - (-15 + 13). Suppose -3*n + 0*n = -30. Calculate the remainder when n is divided by (f + -8)/(-3) - -4.
4
Let l(y) = -2*y - 4. Let j(s) = -s - 5. Let g(d) = 5*j(d) - 4*l(d). Calculate the remainder when 2 + 1 + (-31)/(-1) is divided by g(7).
10
Suppose 22*c = 24*c - 130. What is the remainder when c is divided by 14?
9
Let d(j) be the first derivative of -4*j**2 + j - 2. Let q be d(-1). Suppose i = q + 13. What is the remainder when i is divided by 8?
6
Let q(p) = p**3 + 6*p**2 + 3*p + 1. Suppose 18 = 2*o + o. Suppose 3*g = 4*g - o. Calculate the remainder when q(-2) is divided by g.
5
Suppose -f - 14 = -2*d + 3*d, 3*d = 3*f + 66. What is the remainder when 23 is divided by (-105)/f - 1/(-6)?
5
Let f(o) = -o**2 - 15*o - 7. Calculate the remainder when f(-14) is divided by 5.
2
Let g be (-4)/(-18) + 150/54. Suppose g*h = 80 - 2. Suppose 2*n + 3*u = 43, 29 = 2*n - n + 3*u. Calculate the remainder when h is divided by n.
12
What is the remainder when (-1)/(1/1)*(-17 - 1) is divided by 5?
3
Let v be 12/54 - (-50)/18. Suppose -p + 6 - 2 = 5*c, 2*p - v*c = 47. Let s(t) = -t**2 - t + 56. Calculate the remainder when s(0) is divided by p.
18
Suppose 4 = j - 3. Let l(w) = 2*w**2 - 15*w + 7. Let b(q) = q**2 - 7*q + 4. Let d(v) = 7*b(v) - 3*l(v). What is the remainder when d(5) is divided by j?
5
Suppose -2 - 2 = -2*d. Suppose i + 8 = 3*i. Calculate the remainder when (i/6)/((-1)/(-6)) is divided by d.
0
Let u be 21 + 2 + (4 - 8). Let l = -14 + u. Calculate the remainder when l is divided by 2/(-6) - 14/(-6).
1
Let l(k) = 51*k**2 + k. Calculate the remainder when l(1) is divided by (30/25)/((-2)/(-30)).
16
Suppose 0 = -4*l + 9 - 5. Suppose -17 = -5*q - u, -3*u - 1 = -0*q + 2*q. Let j = q + l. Calculate the remainder when 9 is divided by j.
4
Let s(r) = -r**2 - 9*r + 5. Let l = -69 + 101. Suppose -3*y + 8 = l. What is the remainder when 25 is divided by s(y)?
12
Let x be (2/2)/(-1) + 38. Let l(j) = -j**2 + 7*j - 4. Let b be l(6). Suppose b*f - x - 45 = 0. Calculate the remainder when f is divided by 14.
13
Let b(l) = 29*l**2 + 2. Calculate the remainder when b(1) is divided by 9.
4
Let z(g) = 12*g. Let u be z(-1). Let t = u - -24. Calculate the remainder when t is divided by 7.
5
Let d(g) = 2*g**3 - 3*g**2 + g. Let f = 11 - 8. What is the remainder when d(f) is divided by 8?
6
Suppose -5*y + 48 = -17. Calculate the remainder when (1 + 0)/(12/276) is divided by y.
10
Suppose 5*h - d - 3*d + 20 = 0, -5 = 3*h - d. Let n(o) = -o - 27. Let m be n(h). What is the remainder when 4 is divided by 1/(-3*3/m)?
1
Let m(j) = -j**3 + 8*j**2 + 11*j - 9. Suppose -4*z = -5*z + 9. Suppose 4*q = 5*r + 94, 4*r = -3*q + 3*r + 80. Calculate the remainder when q is divided by m(z).
8
Suppose -15 = -4*b + b. What is the remainder when 11 is divided by b?
1
Suppose -b - 195 = -5*b - 3*l, 0 = -4*b + 3*l + 165. What is the remainder when b is divided by 24?
21
Let f = 10 - 6. Suppose 2 - f = -h. What is the remainder when h is divided by 1?
0
Suppose 88 + 2 = 5*c. What is the remainder when c is divided by 4/(-8) - 22/(-4)?
3
Let c = 85 + -44. Suppose 0 = 2*s - 13 - 15. What is the remainder when c is divided by s?
13
Let w be -15 + (-3 - (-2 - -1)). Let v be (5 + -2)/(3/(-8)). Let c = v - w. What is the remainder when 17 is divided by c?
8
Suppose -4*l - l = -50. Suppose -4*i + 0*i = -16. Suppose -4*w + 101 = 7*j - 4*j, 3*w + i*j - 67 = 0. What is the remainder when w is divided by l?
9
Suppose -4*t = 2*q + 40, 4*t = -3*q + 2*t - 44. Let k = q + 43. Calculate the remainder when k is divided by 16.
15
Let a(o) = 6*o**2 - o - 4. What is the remainder when a(3) is divided by 25?
22
Suppose 45 = -2*w - w. Calculate the remainder when ((-36)/w)/((-6)/(-60)) is divided by 9.
6
Let b(a) = -a**3 + 19*a**2 - a + 22. What is the remainder when 12*((-6)/4 - -2) is divided by b(19)?
0
Calculate the remainder when (39/(-5))/(1/(-5)) is divided by (-2)/12*-3 + (-468)/(-24).
19
Let h = 18 + -13. Suppose 4*s = 26 - 14. Calculate the remainder when h is divided by s.
2
Let r(o) = o**3 + 11*o**2 + 9*o - 12. Let b be r(-10). Calculate the remainder when b*3/6 + 8 is divided by 2.
1
Let p = -21 + 27. What is the remainder when 22 is divided by p?
4
Calculate the remainder when -2*(-6)/(-4) + (21 - -1) is divided by 10.
9
Calculate the remainder when 6 is divided by (25 - 22)*(2/3 + 1).
1
Let k = 283 - 224. Suppose 5*a = -4*n + 55, -2*n + 0*a = -3*a - 33. Calculate the remainder when k is divided by n.
14
Let v = -78 - -104. What is the remainder when v is divided by 14?
12
Let v(f) = -f + 13. Let j = 312 - 188. Let s = j - 87. What is the remainder when s is divided by v(0)?
11
Suppose 4*k - 26 = -2*a, -3*k = 3*a + 10 - 28. Suppose -2*m - k = -21. What is the remainder when 20 is divided by m?
6
What is the remainder when 31 is divided by (5/((-15)/108))/(-1*2)?
13
Suppose -4*r = 16, -a = 4*a + 5*r + 80. Let b = 21 + a. Calculate the remainder when 24 is divided by b.
6
Let b = -80 + 135. Let f = b + -17. Suppose 0 = -0*m - 2*m + f. What is the remainder when m is divided by 7?
5
Suppose -5*q + 4 = -q. Suppose -23 = -3*h - 5*i, -3*h - 2*i + 5 = -6*h. What is the remainder when q is divided by h?
0
Let a be 1*4 - (-2 - -3). Suppose 50 = a*w - w. Let z(d) = -d**3 + 4*d**2 + 7*d - 1. Calculate the remainder when w is divided by z(5).
7
Suppose 0 = -3*t - 12, 0*t - 2*t + 157 = 3*w. What is the remainder when w is divided by 28?
27
Let a be (-1)/(-3) + (-14)/(-3). Suppose 170 = -a*t + 460. Calculate the remainder when t is divided by 20.
18
Let x(n) = n**3 + 8*n**2 - 3*n + 7. What is the remainder when x(-4) is divided by 21?
20
Suppose -d + r = 3*r - 7, -r = -d + 1. What is the remainder when 12 is divided by d?
0
Let m(q) = q**2 + 6*q + 6. Let n be m(-5). Let l(t) = -2*t**2 + n + t**3 - 3*t**3 - 9*t**3. What is the remainder when 19 is divided by l(-1)?
9
Calculate the remainder when 17 is divided by (-5)/(-15)*15 + 0.
2
Suppose -4*r = -3*r + 22. Let k = r - -46. Suppose 5*c - 5*x - 55 = 0, x = 4*c - 4*x - 42. What is the remainder when k is divided by c?
11
Suppose -145 = -5*g + 5*k, 0*g - 5*k + 71 = 3*g. Calculate the remainder when g is divided by 5.
2
Let q(l) = 5*l - 2*l - 3 + 2*l + l**3 - 4*l**2. Let c be q(3). Suppose -2*r + 4*f - c = 7, -4*r - 5*f + 32 = 0. Calculate the remainder when 7 is divided by r.
1
Suppose 0 = 4*l - 81 + 5. Let q(u) = 36*u + 1. Suppose 2*x + 2 = 4. What is the remainder when q(x) is divided by l?
18
Let n = 42 + 11. Suppose 9 = -3*h + 4*w + 116, 0 = -h - 3*w + n. Calculate the remainder when h is divided by 21.
20
Let d = 8 + -8. Suppose 3*h = c - d*c + 75, 4*h + 5*c = 100. Calculate the remainder when h is divided by 7.
4
Let m = -38 + 51. Calculate the remainder when m is divided by 8.
5
Suppose l - 6 = 4*l. Calculate the remainder when 10 is divided by l/1*(-4)/2.
2
Suppose 0 = -5*b - 4*q + 13, 0*q = 4*b + 4*q - 8. Suppose -3*x - 2*m = -b*m + 333, -4*x - 471 = 5*m. What is the remainder when (6/(-9))/(4/x) is divided by 5?
4
Calculate the remainder when 43 is divided by ((-2)/6)/(2/(-66)).
10
Suppose 0 = 3*j + 1 - 25. Calculate the remainder when 141 is divided by j.
5
Let b be (3 - 6)*6/(-9). Suppose -16 = 2*f - 5*m, -b*f = 2*f - 5*m + 12. What is the remainder when 5 is divided by f?
1
Let u = -17 + 32. Suppose 2*g - 3*g + u = 0. Calculate the remainder when g is divided by 8.
7
What is the remainder when 28 is divided by 6/8 - (-111)/12?
8
Suppose -4*d + 5 = -7. Suppose 6*k - 13 = -a + k, 0 = -k - d. Calculate the remainder when a is divided by 15.
13
Let b(n) = n**3 - 13*n**2 - 12*n - 12. Let z = -22 - -36. What is the remainder when 30 is divided by b(z)?
14
Let w(m) = 39*m**3 + m - 1. Let u(r) = r**3. Let i be u(1). Suppose -4*g - 8 = -48. Calculate the remainder when w(i) is divided by g.
9
Suppose 5*z - 30 = -5*a - 0*a, -5*a - 6 = -4*z. Suppose 2*x + z*i - 9 = 11, 4*i - 4 = 2*x. Calculate the remainder when 37 + 1 - (x + -2) is divided by 19.
17
Let y be 1/(-2) - (99/18 + -8). Let p(k) = k**2 + 4*k - 1. Let m be p(-4). What is the remainder when (-3 + m)/(y/(-13)) is divided by 7?
5
Let m = 185 + -277. Let r = m + 133. Suppose -54 + 7 = -4*z + 3*o, 2*o - 34 = -2*z. What is the re